 divisor of 1375 and 165.
55
Calculate the greatest common factor of 15 and 2865.
15
Calculate the highest common factor of 35646 and 78.
78
What is the greatest common factor of 2530 and 1430?
110
What is the highest common divisor of 119 and 34?
17
Calculate the greatest common divisor of 78 and 858.
78
What is the highest common divisor of 2697 and 93?
93
What is the highest common factor of 689 and 13?
13
What is the highest common factor of 1476 and 12?
12
Calculate the greatest common factor of 2301 and 59.
59
Calculate the greatest common factor of 4900 and 50.
50
Calculate the greatest common divisor of 55 and 3.
1
What is the greatest common factor of 1180 and 220?
20
Calculate the greatest common factor of 138 and 24.
6
What is the greatest common divisor of 1908 and 72?
36
Calculate the highest common divisor of 2151 and 216.
9
What is the highest common divisor of 632 and 352?
8
What is the greatest common divisor of 1410 and 870?
30
What is the highest common divisor of 2896 and 48?
16
Calculate the highest common factor of 5811 and 117.
39
What is the highest common divisor of 15 and 345?
15
What is the highest common factor of 27 and 4?
1
Calculate the greatest common divisor of 4 and 2.
2
What is the highest common factor of 2335 and 5?
5
Calculate the greatest common divisor of 5876 and 52.
52
What is the highest common factor of 11 and 253?
11
Calculate the highest common divisor of 12288 and 8.
8
Calculate the greatest common factor of 11 and 825.
11
Calculate the greatest common divisor of 15 and 4755.
15
What is the highest common divisor of 20 and 15?
5
What is the greatest common factor of 5 and 7795?
5
What is the highest common divisor of 36 and 288?
36
Calculate the greatest common divisor of 17 and 1377.
17
What is the highest common divisor of 348 and 372?
12
Calculate the greatest common factor of 42 and 238.
14
What is the highest common divisor of 76 and 133?
19
What is the greatest common divisor of 275 and 451?
11
Calculate the highest common factor of 15128 and 183.
61
What is the greatest common factor of 216 and 189?
27
Calculate the greatest common factor of 230 and 46.
46
Calculate the highest common divisor of 225 and 75.
75
What is the highest common factor of 3575 and 143?
143
What is the highest common factor of 33 and 4323?
33
Calculate the greatest common factor of 36 and 12.
12
What is the highest common divisor of 69 and 115?
23
What is the highest common divisor of 1003 and 153?
17
Calculate the highest common divisor of 28266 and 42.
42
Calculate the greatest common factor of 5773 and 251.
251
What is the highest common factor of 1 and 968?
1
Calculate the highest common factor of 11 and 1430.
11
What is the highest common divisor of 550 and 330?
110
Calculate the highest common divisor of 54 and 6.
6
Calculate the greatest common divisor of 68 and 3196.
68
What is the highest common divisor of 54 and 2727?
27
Calculate the highest common divisor of 5000 and 8.
8
What is the greatest common divisor of 300 and 1300?
100
Calculate the greatest common divisor of 15 and 17940.
15
Calculate the highest common divisor of 30 and 2985.
15
What is the highest common factor of 12 and 1158?
6
Calculate the greatest common factor of 323 and 17.
17
What is the greatest common factor of 49 and 11368?
49
Calculate the greatest common divisor of 42 and 1674.
6
Calculate the greatest common divisor of 153 and 527.
17
What is the highest common factor of 852 and 71?
71
What is the greatest common factor of 135 and 189?
27
What is the highest common divisor of 7 and 593?
1
Calculate the greatest common factor of 20 and 5.
5
Calculate the highest common factor of 7 and 85225.
7
What is the greatest common factor of 737 and 319?
11
Calculate the greatest common factor of 52 and 65.
13
What is the greatest common divisor of 46 and 86503?
23
What is the highest common factor of 3315 and 170?
85
What is the greatest common factor of 2257 and 37?
37
What is the highest common factor of 105 and 21?
21
Calculate the highest common factor of 3094 and 637.
91
Calculate the greatest common factor of 378 and 42.
42
What is the highest common factor of 78 and 2?
2
Calculate the highest common divisor of 129 and 393.
3
Calculate the highest common divisor of 2050 and 200.
50
What is the highest common divisor of 18321 and 93?
93
What is the greatest common factor of 63 and 609?
21
Calculate the greatest common factor of 356 and 2.
2
What is the greatest common divisor of 10 and 1670?
10
Calculate the highest common divisor of 39 and 6.
3
What is the greatest common divisor of 26 and 598?
26
Calculate the greatest common factor of 87 and 87.
87
What is the greatest common factor of 4 and 4?
4
What is the highest common divisor of 129 and 3397?
43
Calculate the greatest common factor of 12 and 972.
12
Calculate the highest common divisor of 7 and 1477.
7
Calculate the highest common divisor of 53 and 8639.
53
What is the highest common divisor of 52 and 39?
13
Calculate the highest common divisor of 4895 and 22.
11
Calculate the greatest common divisor of 299 and 104.
13
What is the highest common divisor of 18 and 387?
9
Calculate the highest common factor of 47 and 8.
1
Calculate the highest common factor of 6945 and 15.
15
What is the highest common factor of 27 and 231?
3
Calculate the greatest common factor of 5 and 35.
5
Calculate the greatest common factor of 1304 and 2119.
163
What is the highest common factor of 372 and 24?
12
Calculate the highest common factor of 2070 and 90.
90
What is the greatest common factor of 138 and 598?
46
Calculate the greatest common divisor of 55 and 385.
55
Calculate the greatest common divisor of 73 and 219.
73
What is the greatest common divisor of 6 and 81?
3
Calculate the highest common factor of 100 and 180.
20
What is the greatest common factor of 472 and 8?
8
Calculate the greatest common divisor of 98 and 126.
14
Calculate the greatest common factor of 1815 and 968.
121
What is the greatest common factor of 92 and 115?
23
What is the greatest common divisor of 2483 and 13?
13
What is the greatest common divisor of 3509 and 29?
29
What is the highest common factor of 288 and 1576?
8
What is the greatest common factor of 1540 and 420?
140
Calculate the greatest common divisor of 50 and 640.
10
What is the highest common factor of 12 and 8508?
12
What is the greatest common factor of 144 and 18?
18
What is the highest common divisor of 961 and 248?
31
What is the highest common factor of 66 and 1749?
33
What is the highest common divisor of 555 and 15?
15
Calculate the greatest common factor of 100 and 9150.
50
What is the greatest common divisor of 170 and 595?
85
What is the greatest common factor of 225 and 75?
75
What is the highest common divisor of 93 and 6?
3
Calculate the highest common factor of 41 and 451.
41
Calculate the greatest common divisor of 64 and 32.
32
What is the highest common factor of 1270 and 45?
5
What is the highest common divisor of 1888 and 118?
118
What is the greatest common divisor of 246 and 18?
6
What is the greatest common factor of 1240 and 40?
40
What is the highest common divisor of 255 and 105?
15
What is the greatest common divisor of 154 and 14?
14
What is the highest common divisor of 325 and 845?
65
Calculate the greatest common divisor of 990 and 770.
110
What is the greatest common factor of 1827 and 29?
29
Calculate the greatest common factor of 1 and 851.
1
Calculate the greatest common divisor of 900 and 105.
15
Calculate the greatest common divisor of 145 and 754.
29
Calculate the highest common divisor of 12 and 36444.
12
What is the highest common divisor of 1736 and 392?
56
Calculate the greatest common factor of 240 and 3960.
120
What is the greatest common factor of 106 and 5777?
53
What is the greatest common factor of 40 and 4?
4
Calculate the highest common factor of 4187 and 318.
53
Calculate the highest common divisor of 213 and 568.
71
Calculate the greatest common divisor of 177 and 15.
3
Calculate the highest common divisor of 41 and 2.
1
What is the highest common factor of 2100 and 750?
150
What is the greatest common divisor of 130 and 26?
26
What is the highest common factor of 17 and 21760?
17
What is the greatest